common factor of 917 and 255733877.
917
What is the highest common divisor of 25 and 1367165?
5
What is the greatest common divisor of 48 and 105125604?
12
What is the greatest common factor of 1227841350 and 2580?
1290
What is the highest common divisor of 7667 and 18043817?
187
What is the greatest common factor of 3288 and 582882392?
1096
What is the highest common factor of 14 and 11559877?
7
Calculate the highest common factor of 58349 and 3020421.
37
What is the greatest common factor of 603083824 and 32?
16
Calculate the highest common factor of 708 and 472799332.
236
Calculate the greatest common factor of 704909580 and 1605.
1605
What is the highest common factor of 1197390 and 3376740?
5010
Calculate the greatest common factor of 4399 and 1219212.
53
What is the greatest common factor of 7910560 and 95855?
5045
What is the highest common factor of 650 and 1859923?
13
Calculate the greatest common divisor of 33 and 103362886.
11
Calculate the greatest common factor of 142228 and 19388.
148
Calculate the highest common divisor of 74305 and 792.
11
What is the greatest common divisor of 29594836 and 184?
92
What is the highest common factor of 3402 and 10840473?
1701
Calculate the highest common divisor of 2852 and 31083994.
46
Calculate the greatest common divisor of 148 and 869611.
37
Calculate the highest common divisor of 670687 and 381.
127
Calculate the greatest common factor of 72 and 13662380.
4
What is the highest common factor of 351389 and 1073?
37
Calculate the highest common factor of 73887462 and 792.
198
Calculate the greatest common divisor of 337236 and 26313.
537
Calculate the greatest common factor of 2832625 and 5848.
731
Calculate the highest common factor of 69 and 5052778.
23
What is the greatest common factor of 209 and 41571904?
11
What is the highest common divisor of 53 and 51788738?
53
What is the highest common factor of 4433 and 1948973?
13
Calculate the highest common divisor of 1569975738 and 114.
114
Calculate the greatest common factor of 171972 and 1683.
153
Calculate the greatest common divisor of 935472916 and 196.
196
Calculate the highest common factor of 176808582 and 486.
162
What is the greatest common divisor of 274656 and 7968?
96
What is the highest common factor of 1980384 and 37048?
3368
Calculate the greatest common factor of 1475 and 89761125.
1475
Calculate the highest common divisor of 2264931 and 18309.
1077
What is the greatest common factor of 83483 and 16963207?
2693
Calculate the greatest common divisor of 1733 and 144740160.
1733
Calculate the greatest common divisor of 780 and 294414510.
390
Calculate the greatest common factor of 30 and 178585390.
10
Calculate the greatest common divisor of 187 and 592383.
11
What is the greatest common factor of 19480388 and 22300?
892
Calculate the highest common divisor of 555030 and 1190.
70
Calculate the greatest common factor of 1199746205 and 329.
329
What is the greatest common divisor of 45 and 13276566?
9
Calculate the highest common divisor of 2 and 630874.
2
What is the highest common factor of 6622040 and 280?
40
Calculate the greatest common divisor of 219383 and 19197.
79
Calculate the highest common divisor of 558 and 57823618.
62
Calculate the highest common factor of 6562320 and 4155.
15
Calculate the greatest common factor of 18157368 and 5352.
24
What is the highest common factor of 596886682 and 6594?
2198
What is the greatest common divisor of 249 and 1176608?
83
Calculate the highest common factor of 7 and 228678163.
7
Calculate the greatest common factor of 111 and 1087393.
37
Calculate the highest common factor of 4106950 and 15.
5
Calculate the greatest common factor of 72043412 and 43022.
6146
Calculate the greatest common divisor of 254 and 12794.
2
Calculate the highest common divisor of 4619 and 30566754.
149
Calculate the highest common factor of 64512 and 3812928.
1344
What is the highest common factor of 8412 and 7149204?
12
Calculate the greatest common divisor of 4720542 and 1328.
166
What is the highest common factor of 132311 and 198101?
731
What is the highest common divisor of 358379879 and 1859?
1859
Calculate the greatest common divisor of 23776 and 6400.
32
Calculate the highest common factor of 27063 and 290253.
93
What is the greatest common divisor of 15326 and 256080?
194
What is the highest common divisor of 53136624 and 1104?
1104
Calculate the greatest common divisor of 7767828 and 27.
9
Calculate the greatest common factor of 230 and 193250.
10
Calculate the highest common divisor of 228129 and 85409.
223
Calculate the highest common divisor of 2615365 and 9860.
2465
What is the greatest common factor of 318646 and 52537?
107
Calculate the greatest common factor of 187941 and 31752391.
4819
Calculate the highest common factor of 83592 and 486810.
162
What is the highest common factor of 12 and 742823208?
12
Calculate the highest common divisor of 3456 and 417069.
27
Calculate the greatest common divisor of 133 and 52937363.
19
Calculate the highest common factor of 275 and 171750.
25
Calculate the greatest common factor of 144 and 11047500.
36
Calculate the highest common divisor of 13749043 and 77.
77
Calculate the greatest common divisor of 16679 and 212563.
13
Calculate the highest common factor of 474313651 and 119.
119
Calculate the highest common divisor of 1052415 and 1166009.
3341
Calculate the greatest common factor of 760817 and 32338.
437
Calculate the highest common divisor of 6370826 and 22.
22
What is the greatest common divisor of 126 and 1315706?
14
What is the greatest common divisor of 3736 and 20072594?
934
What is the greatest common factor of 1731970890 and 3783?
3783
Calculate the highest common divisor of 1735866 and 1248.
6
What is the greatest common divisor of 161 and 414552?
23
What is the greatest common divisor of 247512 and 3144?
24
What is the highest common factor of 921896 and 17968?
8
What is the greatest common factor of 2978035 and 17630?
205
Calculate the highest common divisor of 48362049 and 108.
27
Calculate the greatest common factor of 3724 and 59954979.
49
Calculate the highest common factor of 14483 and 1267.
7
What is the highest common divisor of 1664 and 57523456?
128
Calculate the greatest common divisor of 42512 and 93136.
16
Calculate the highest common factor of 87061939 and 2113.
2113
What is the greatest common divisor of 8138226 and 2706?
6
What is the highest common divisor of 807690 and 21508?
38
Calculate the highest common divisor of 11774658 and 84.
42
What is the greatest common divisor of 382720 and 1460?
20
Calculate the greatest common factor of 10527168 and 2112.
192
Calculate the greatest common factor of 2368 and 157376.
64
Calculate the greatest common divisor of 541100 and 318220.
140
What is the greatest common divisor of 8804164 and 86258?
1462
What is the greatest common factor of 1931820 and 10560?
660
What is the greatest common factor of 1566 and 8569674?
522
What is the highest common divisor of 86430 and 426990?
1290
What is the greatest common divisor of 21303848 and 24?
8
Calculate the greatest common divisor of 3780 and 5336415.
945
What is the highest common factor of 16347489 and 102?
51
Calculate the highest common divisor of 8621 and 1180964927.
8621
What is the greatest common divisor of 51292300 and 300?
100
What is the greatest common factor of 3246486 and 48?
6
Calculate the highest common factor of 112 and 1990961.
7
What is the highest common divisor of 32080262 and 782?
46
Calculate the greatest common factor of 55924434 and 29791.
961
Calculate the highest common divisor of 347 and 136364407.
347
What is the highest common divisor of 34605 and 82?
1
What is the highest common factor of 4615416 and 5148?
468
Calculate the greatest common divisor of 174178 and 561903.
1193
What is the highest common factor of 64260 and 1189020?
420
Calculate the highest common divisor of 94690658 and 3041.
3041
What is the highest common divisor of 9250830 and 109710?
2070
What is the highest common factor of 2300762 and 145702?
554
Calculate the highest common factor of 22 and 12025882.
22
What is the highest common divisor of 450 and 122032470?
30
What is the greatest common factor of 19844 and 62771?
41
What is the hi